. What is h(-1)?
87
Let k(q) = 11*q - 40. Determine k(5).
15
Let h(n) = -n**2 - 2*n - 2. What is h(-2)?
-2
Let f(b) = b**3 + 3*b**2 - b - 11. Determine f(-4).
-23
Let j(b) = -5*b - 51. Calculate j(-10).
-1
Let w(k) = -k**3 - 7*k**2 + 2*k + 6. What is w(-7)?
-8
Let t(h) = 2*h**2 - 5*h. Calculate t(4).
12
Let p(f) = 12*f - 13. Calculate p(4).
35
Let m(k) = k**3 + 9*k**2 + 17*k + 12. Give m(-7).
-9
Let h(t) = -5*t - 2. Determine h(-3).
13
Let f(b) = b**3 + 10*b**2 - 17*b - 13. Give f(-11).
53
Let d(c) = -22*c - 38. Determine d(-2).
6
Let p(q) = 2*q**3 - 3*q**2 + 2*q - 1. What is p(3)?
32
Let r(w) = -10*w + 353. Determine r(36).
-7
Let i(k) = -2*k**2 - 6*k - 4. Calculate i(-4).
-12
Let s(u) = 2*u**2 - 13*u - 10. Determine s(8).
14
Let w(q) = -q**3 - 5*q**2 + 7*q + 7. Calculate w(3).
-44
Let b(k) = -4*k**2 - 4*k - 8. Give b(-5).
-88
Let v(a) = -a**2 - 25*a + 143. Determine v(5).
-7
Let o(q) = 17*q**2 + 1. What is o(-1)?
18
Let r(d) = -d - 5. Calculate r(4).
-9
Let n(r) = r**2 + 4*r - 6. Determine n(-5).
-1
Let u(p) = -64*p**2 - 2*p - 1. Give u(-1).
-63
Let l(k) = -12*k**2 - 5*k - 1. What is l(2)?
-59
Let p(i) = i**2 + 10*i + 15. Give p(-10).
15
Let z(p) = -p**2 + 12*p - 2. What is z(12)?
-2
Let y(a) = -a**3 - 5*a**2 - a + 4. Give y(-5).
9
Let m(z) = -z**2 + 5*z + 14. Calculate m(-3).
-10
Let a(f) = 2*f**2 + f + 6. Determine a(0).
6
Let q(h) = h**3 + 12*h**2 + 4*h + 39. Determine q(-12).
-9
Let d(p) = 10*p + 39. Give d(-5).
-11
Let z(j) = 10*j**2 - 50*j + 3. Give z(5).
3
Let c(h) = h**2 + 12*h + 21. What is c(-9)?
-6
Let f(u) = -u**3 + 15*u**2 + 19*u - 54. What is f(16)?
-6
Let f(u) = 2*u + 18. Calculate f(-5).
8
Let d(p) = -32*p**3 + p**2 + 3*p + 1. Calculate d(-1).
31
Let z(u) = -2*u**2 - 10*u - 7. Give z(-5).
-7
Let v(a) = -a**3 + 17*a**2 - 57*a - 11. Give v(5).
4
Let b(k) = k**2 + 8*k + 1. What is b(-12)?
49
Let m(x) = -3*x + 13. What is m(5)?
-2
Let k(j) = -j**3 - 10*j**2 + 12*j + 16. Determine k(-11).
5
Let g(d) = 4*d - 4. Determine g(-4).
-20
Let l(z) = -z**2 + 21*z + 85. Give l(24).
13
Let k(x) = -x**2 + 15*x + 33. Determine k(15).
33
Let l(s) = -s**2 + 11*s - 2. Calculate l(11).
-2
Let b(x) = x**2 - 3. Determine b(4).
13
Let r(c) = -c**3 + 10*c**2 - c - 3. Give r(10).
-13
Let u(q) = -q + 13. Determine u(7).
6
Let p(o) = o**3 + 10*o**2 + 11. Give p(-10).
11
Let o(a) = a**3 - a**2 - 14*a + 4. Calculate o(0).
4
Let x(o) = -o**3 + 3*o + 3. Give x(2).
1
Let c(m) = -m**3 - 3*m**2 + 3*m - 2. What is c(-4)?
2
Let o(j) = 2*j**2 + 15*j + 15. Determine o(-6).
-3
Let p(i) = i**2 + 11*i + 12. Calculate p(-13).
38
Let p(t) = t**2 - 15*t - 23. What is p(16)?
-7
Let y(s) = s**3 - 4*s**2 + 2*s + 1. Determine y(5).
36
Let g(a) = 17*a - 8. Calculate g(5).
77
Let l(i) = 6*i + 113. Determine l(-16).
17
Let x(k) = -k**3 - 25*k**2 - 2*k - 40. Give x(-25).
10
Let l(p) = p**3 + 8*p**2 - 6. What is l(-8)?
-6
Let u(n) = -n**2 - 16*n - 38. Give u(-13).
1
Let z(s) = -s**3 + 4*s**2 + 8*s. Determine z(6).
-24
Let p(a) = 12*a + 9. What is p(3)?
45
Let u(g) = -g**3 - 9*g**2 + 25*g + 27. Give u(-11).
-6
Let p(j) = 116*j - 1400. What is p(12)?
-8
Let a(i) = i**3 - 2*i**2 - 32*i + 8. What is a(-5)?
-7
Let i(v) = -v**2 - 21*v - 19. Give i(-1).
1
Let x(d) = -2*d**3 + 4*d**2 - 3*d + 2. What is x(2)?
-4
Let r(n) = -9*n - 71. Give r(-6).
-17
Let h(g) = -25*g - 233. Determine h(-9).
-8
Let v(j) = -j**3 - 12*j**2 + 10*j + 7. Give v(-13).
46
Let d(b) = -b**3 + 11*b**2 + 2*b - 13. Calculate d(11).
9
Let q(p) = -p**3 - 6*p**2 - 2. Determine q(-6).
-2
Let d(g) = 2*g**3 - 8*g**2 + 2*g + 3. Calculate d(5).
63
Let m(t) = -t**3 + 4*t**2 + 4*t - 3. What is m(5)?
-8
Let v(i) = 48*i**3 - 2*i**2 - i. What is v(-1)?
-49
Let p(h) = -5*h**2 - 21*h - 54. Give p(-3).
-36
Let q(z) = -14*z + 7. Determine q(2).
-21
Let i(w) = -62*w + 178. Give i(3).
-8
Let k(w) = -2*w**2 + 3*w + 2. Give k(2).
0
Let i(j) = -15*j - 3. Calculate i(-2).
27
Let l(w) = 2*w + 5. Determine l(4).
13
Let i(u) = 7*u - 242. Give i(33).
-11
Let o(d) = -d**3 + 7*d**2 - 9. Calculate o(7).
-9
Let v(q) = q**3 - q**2 - 11*q + 3. Calculate v(-3).
0
Let r(b) = b**3 + 7*b**2 + 5*b. Calculate r(-4).
28
Let m(w) = w**2 - 11*w - 22. Determine m(10).
-32
Let o(g) = -g**2 + 4*g - 16. What is o(4)?
-16
Let w(z) = 2*z**3 - 5*z**2 + 8*z - 16. Determine w(4).
64
Let f(w) = w**3 + 6*w**2 + 5*w - 3. Calculate f(-4).
9
Let p(a) = 12*a**3 + 2*a**2 + 2*a. Determine p(-1).
-12
Let t(v) = -2*v**2 - 2*v - 1. Give t(-1).
-1
Let m(p) = -7*p + 1. Give m(-3).
22
Let w(z) = -2*z**2 - 17*z + 19. What is w(-10)?
-11
Let m(w) = -33*w**2 - w + 1. Calculate m(1).
-33
Let q(n) = 2*n**3 + 7*n**2 - 5*n + 1. Give q(-4).
5
Let h(n) = n**3 - 10*n**2 + 1. Determine h(10).
1
Let z(j) = -4*j + 4. Determine z(-6).
28
Let v(t) = -t**2 - 14*t - 53. Give v(-9).
-8
Let v(o) = o**3 - 27*o**2 - 37*o + 259. What is v(28)?
7
Let a(f) = -55*f + 6. Determine a(-1).
61
Let x(u) = 18*u + 137. Determine x(-8).
-7
Let f(b) = 7*b - 38. Give f(6).
4
Let y(c) = -13*c**3 + 4*c**2 + 3*c. Give y(-1).
14
Let r(s) = s**3 + 2*s**2 - 12*s + 11. What is r(-5)?
-4
Let x(c) = -c**2 - 21*c - 48. Calculate x(-5).
32
Let b(c) = -2*c - 44. What is b(-19)?
-6
Let o(q) = 14*q - 217. Determine o(16).
7
Let f(u) = 25*u + 267. Calculate f(-11).
-8
Let w(p) = -p**3 - 8*p**2 - 2*p - 12. Calculate w(-8).
4
Let j(a) = a + 11. Give j(-15).
-4
Let j(q) = 384*q - 5. Calculate j(0).
-5
Let x(o) = o**3 - 35*o**2 + o - 30. What is x(35)?
5
Let b(p) = -p**2 + 12*p - 30. What is b(6)?
6
Let z(v) = -2*v - 16. What is z(-15)?
14
Let x(j) = 42*j**2. Give x(1).
42
Let f(i) = -i**2 - 11*i + 4. What is f(-8)?
28
Let h(l) = l**2 - 7*l - 15. Calculate h(6).
-21
Let n(l) = l**2 + 17*l - 15. Calculate n(-13).
-67
Let y(h) = -9*h + 11. Determine y(3).
-16
Let b(x) = 3*x + 9. Determine b(-5).
-6
Let y(s) = 2*s - 2. Give y(1).
0
Let r(d) = 7*d - 9. What is r(4)?
19
Let b(d) = -d**3 - 6*d**2 - 12*d - 13. Calculate b(-6).
59
Let b(x) = -15*x**2 - 210*x - 15. Give b(-14).
-15
Let g(f) = 4*f - 14. Determine g(5).
6
Let o(h) = h**3 - 17*h**2 - 17*h - 20. Give o(18).
-2
Let x(d) = -d + 8. What is x(4)?
4
Let i(t) = t**3 + 2*t - 3. What is i(1)?
0
Let k(f) = f**3 + 6*f**2 - 6*f - 2. Give k(-7).
-9
Let n(w) = w**3 - 10*w**2 + 5*w - 2. What is n(9)?
-38
Let k(o) = 2*o**2 - o - 8. What is k(3)?
7
Let n(g) = -4*g**2 - 24*g + 6. Determine n(-6).
6
Let h(y) = -y**2 - y + 5. What is h(-4)?
-7
Let s(u) = u**2 - 9*u + 16. Give s(5).
-4
Let o(j) = 2*j - 39. Determine o(3).
-33
Let h(s) = -2*s**2 - 32*s + 64. What is h(-18)?
-8
Let t(q) = -10*q + 3. What is t(-8)?
83
Let m(b) = -12*b + 3. Determine m(-12).
147
Let t(q) = -9*q + 11. What is t(4)?
-25
Let p(b) = -b**2 - 21. Calculate p(0).
-21
Let c(l) = -l**2 - 11*l - 10. What is c(-6)?
20
Let r(g) = -g**3 - 7*g**2 - 2*g + 7. What is r(-7)?
21
Let a(k) = 3*k - 13. Calculate a(-6).
-31
Let t(r) = 3*r + 23. Give t(-15).
-22
Let k(c) = -c**2 + 3*c + 7. Determine k(8).
-33
Let j(u) = -u**3 - u**2. Determine j(-2).
4
Let l(p) = p - 48. What is l(25)?
-23
Let i(m) = 2*m**2 + m. Determine i(1).
3
Let k(t) = -t**2 - 7*t - 18. Give k(-10).
-48
Let g(j) = j**2 - 17*j + 10. Calculate g(7).
-60
Let z(o) = 96*o - 1161. Give z(12).
-9
Let j(o) = -23*o - 35. What is j(3)?
-104
Let u(b) = 2*b**2 - b + 7. Give u(4).
35
Let c(n) = n**3 + n**2 + 18. Determine c(0).
18
Let c(p) = -97*p + 693. Calculate c(7).
14
Let m(q) = q**2 + 8*q - 44. Determine m(-13).
21
Let c(t) = -2*t**2 + 27*t + 13. Give c(11).
68
Let i(s) = 2*s**3 + 26*s**2 + 24*s + 5. Calculate i(-12).
5
Let w(h) = -h**3 + 6*h**2 - 6*h + 4. Give w(6).
-32
Let p(o) = 5*o**2 - o - 1. What is p(2)?
17
Let y(w) = w + 46. What is y(-9)?
37
Let m(d) = -6*d**2 + 19*d + 8. Give m(3).
11
Let v(p) = -4*p + 15. Calculate v(-5).
35
Let h(c) = 4*c**3 - 3*c**2 - 7*c + 8. Determine h(2).
14
Let v(k) = k**2 - k - 11. What is v(0)?
-11
Let w(s) = -s**2 + 12*s - 28. What is w(10)?
-8
Let n(w) = 9*w - 6. Calculate n(3).
21
Let v(y) = 32*y**3 + 4*y**2 - y - 4. Calculate v(-1).
-31
Let c(z) = -6*z**2 + 2*z. Determine c(-3).
-60
Let d(o) = -o**3 + 4*o**2 - 3*o - 3. Determine d(3).
-3
Let p(f) = -2*f + 9. What is p(2)?
5
Let p(k) = 10*k**2 + k. What is p(-1)?
9
Let b(v) = 8*v + 4. What is b(-1)?
-4
Let q(a) = 3*a**3 - 16*a**2 - 11*a + 1. Give q(6).
7
Let l(r) = r + 3. What is l(2)?